- 10. Give y(2).
-10
Let x(c) = -7*c**3 + c + 1. Determine x(-1).
7
Let l(w) = 4*w - 5. What is l(7)?
23
Let m(j) = -j**3 + 25*j**2 - 47*j - 7. Calculate m(23).
-30
Let v(q) = -q**3 + 21*q**2 - 21*q + 27. Give v(20).
7
Let w(x) = 22*x - 28. What is w(2)?
16
Let f(g) = g**3 + 8*g**2 + 2*g + 5. Determine f(-8).
-11
Let z(f) = -f + 4. Give z(-2).
6
Let m(x) = x**2 + 20*x + 8. What is m(-16)?
-56
Let j(a) = a**3 - 8*a**2 - 3*a - 5. Give j(5).
-95
Let y(u) = u**3 + 49*u**2 + 55*u + 331. What is y(-48)?
-5
Let o(z) = 18*z**2 + 8*z + 7. What is o(-1)?
17
Let o(h) = h**3 + 8*h**2 + 7*h + 8. Determine o(-8).
-48
Let z(y) = -2*y + 86. Determine z(42).
2
Let n(c) = -7*c + 23. Determine n(-11).
100
Let q(v) = 33*v**2 + 5*v + 4. What is q(-2)?
126
Let o(f) = -20*f**3 + f**2 + f - 1. Calculate o(-1).
19
Let z(n) = n**3 + n**2 - 11*n + 1. Give z(-4).
-3
Let h(t) = -2*t**2 - 12*t - 5. Calculate h(-5).
5
Let i(u) = -u**2 + 20*u - 26. Calculate i(19).
-7
Let r(n) = 2*n - 5. Give r(-4).
-13
Let f(h) = -h**2 + 42*h + 1. Determine f(42).
1
Let d(a) = -2*a. Determine d(-1).
2
Let l(o) = -o**3 + 31*o**2 + 33*o - 41. Calculate l(32).
-9
Let s(g) = 3*g - 71. Determine s(29).
16
Let c(q) = 3*q + 10. Determine c(8).
34
Let j(b) = -b**2 - 11*b - 3. Calculate j(-8).
21
Let i(x) = -x**2 - 27*x - 101. Determine i(-5).
9
Let i(l) = 5*l - 30. Determine i(10).
20
Let q(x) = x - 24. What is q(21)?
-3
Let i(u) = -6*u - 35. Give i(-10).
25
Let p(o) = -3*o**2 - 27*o + 8. Calculate p(-8).
32
Let z(u) = 18*u**3 - u**2 + u + 2. Calculate z(-1).
-18
Let u(h) = 7*h**2 - 3*h - 3. Determine u(-1).
7
Let k(r) = r**2 - 6*r - 17. What is k(8)?
-1
Let v(s) = -6*s + 94. Calculate v(31).
-92
Let j(n) = -n**2 + 8*n + 10. Give j(-5).
-55
Let w(r) = -r**2 + 21*r + 33. Calculate w(23).
-13
Let q(l) = -l - 33. Give q(-17).
-16
Let f(h) = h**2 - 11*h - 13. Calculate f(13).
13
Let o(k) = 2*k**2 - 4*k + 3. Calculate o(2).
3
Let i(u) = 22*u - 2. Calculate i(-1).
-24
Let z(k) = k**2 + 22*k. Give z(-22).
0
Let t(j) = j**2 - 5*j - 12. Give t(6).
-6
Let s(h) = 3*h - 36. Give s(13).
3
Let x(y) = -6*y - 92. What is x(-19)?
22
Let r(b) = 2*b**2 - b + 1. Determine r(4).
29
Let v(w) = -8*w + 169. Determine v(19).
17
Let x(p) = p**3 + 8*p**2 + 5*p + 11. Give x(-7).
25
Let v(x) = -x**3 + 30*x**2 - 74*x - 193. Determine v(27).
-4
Let i(r) = r**2 + 5*r + 10. Give i(-5).
10
Let m(w) = -w**3 - 25*w**2 + 24*w - 53. Give m(-26).
-1
Let n(j) = 38*j - 112. Give n(3).
2
Let k(s) = s**2 - 14*s + 70. Determine k(10).
30
Let c(j) = -2*j**2 - 4*j - 4. Determine c(-3).
-10
Let o(s) = -s**3 - s**2 - 4*s - 3. Determine o(-1).
1
Let j(q) = 5*q**3 + q**2 + 16*q + 15. Give j(-1).
-5
Let c(s) = -6*s - 30. Give c(-9).
24
Let k(r) = r**2 + r - 2. Give k(4).
18
Let l(g) = g**3 + g**2 - 4*g - 3. Calculate l(-3).
-9
Let w(b) = -b**3 + 7*b**2 - 5*b - 3. What is w(6)?
3
Let w(k) = k**2 - 9*k. Give w(10).
10
Let i(f) = -f**3 - 30*f**2 - 28*f + 33. Give i(-29).
4
Let a(w) = w**3 - 2*w**2 - w - 1. Determine a(2).
-3
Let t(a) = -2*a**3 - a**2 + 13*a - 6. What is t(-4)?
54
Let u(l) = 8*l + 1. Calculate u(0).
1
Let y(v) = v + 8. What is y(6)?
14
Let f(l) = -l**2 - 7*l + 5. Determine f(4).
-39
Let w(u) = 2*u - 16. What is w(-4)?
-24
Let c(j) = 16*j**2 + 3*j + 1. Calculate c(-1).
14
Let b(g) = g**3 - g**2 + 4*g. Determine b(0).
0
Let x(h) = -2*h**3 + 16*h**2 - h + 6. What is x(8)?
-2
Let i(t) = 10*t + 38. Give i(-5).
-12
Let r(m) = m**3 + 8*m**2 - 9*m - 9. Determine r(-7).
103
Let o(h) = 16*h + 15. Calculate o(-3).
-33
Let j(a) = a**3 + 38*a**2 + a + 44. What is j(-38)?
6
Let o(z) = z**3 + z**2 + 2*z + 4. Calculate o(-2).
-4
Let z(m) = -m**3 + m**2 + 2*m. Calculate z(2).
0
Let b(d) = -d**2 + 4*d + 6. What is b(4)?
6
Let u(r) = -r**3 - 3*r**2 + 9*r + 13. What is u(-5)?
18
Let g(i) = i**3 - 15*i**2 - 11. What is g(0)?
-11
Let r(k) = -2*k - 6. What is r(2)?
-10
Let o(s) = -6*s - 110. Give o(-18).
-2
Let s(p) = p**3 - 7*p**2 - 25. Determine s(6).
-61
Let o(w) = -3*w + 77. What is o(24)?
5
Let s(c) = -c**2 + 3*c + 12. Determine s(-5).
-28
Let i(y) = -2*y + 57. Determine i(21).
15
Let c(i) = 2*i**2 + 3*i + 1. What is c(-3)?
10
Let x(o) = o**3 + 6*o**2 - 2*o + 5. Determine x(-5).
40
Let m(b) = -3*b + 19. What is m(7)?
-2
Let r(z) = 2*z - 10. Calculate r(9).
8
Let v(m) = -m**3 + m**2 + m - 37. Determine v(0).
-37
Let x(d) = -d**3 + 6*d**2 - 7*d + 12. Calculate x(5).
2
Let q(p) = p**2 - 5*p - 120. What is q(14)?
6
Let o(g) = -31*g**2 + g + 2. Give o(-1).
-30
Let j(m) = m**3 + 41*m**2 - 10. What is j(-41)?
-10
Let t(o) = o. Determine t(8).
8
Let x(z) = -z**3 + 20*z**2 - 51*z. What is x(17)?
0
Let h(p) = p**2 + 2*p - 1. Give h(-3).
2
Let g(h) = -70*h**2 - 560*h + 3. Calculate g(-8).
3
Let o(m) = -3*m + 5. Determine o(-3).
14
Let m(p) = -p**2 - 13*p - 10. What is m(-7)?
32
Let w(t) = -2*t**2 + 18*t - 61. Calculate w(4).
-21
Let a(g) = -21*g - 30. Calculate a(-3).
33
Let w(z) = -z - 43. Calculate w(-14).
-29
Let j(n) = -23*n - 112. What is j(-5)?
3
Let k(g) = g**3 - 10*g**2 - g + 3. Give k(10).
-7
Let d(x) = 2*x - 83. Determine d(11).
-61
Let b(w) = 7*w + 110. What is b(-12)?
26
Let l(o) = -130*o**2 - 2. Determine l(1).
-132
Let q(p) = -p**2 - 30*p + 173. What is q(-34)?
37
Let x(c) = 4*c**2 - c. Calculate x(1).
3
Let f(v) = v**2 - 7*v + 9. Determine f(5).
-1
Let m(l) = -l**2 + 13*l + 4. Give m(14).
-10
Let f(o) = -3*o**2 + 3*o + 2. Determine f(-3).
-34
Let r(w) = w**3 + 3*w**2 + w + 8. Give r(-4).
-12
Let v(u) = u**2 + 38. What is v(0)?
38
Let n(i) = 2*i + 32. Give n(-13).
6
Let k(x) = -7*x + 17. Give k(5).
-18
Let k(z) = -2*z + 57. Calculate k(19).
19
Let d(k) = k**2 + 5*k - 4. Determine d(-6).
2
Let v(a) = -a**2 + 6*a + 3. Determine v(7).
-4
Let v(f) = f**3 - 29*f**2 - 32*f + 57. Calculate v(30).
-3
Let c(h) = -4*h + 117. Give c(34).
-19
Let b(i) = -2*i**3 + 7*i**2 - 2*i - 3. What is b(3)?
0
Let j(b) = b**2 - 20*b + 21. Give j(14).
-63
Let k(y) = y**2 + 10*y + 4. Give k(-10).
4
Let j(m) = -4*m + 47. Give j(13).
-5
Let q(h) = h**3 - 2*h**2 - 5*h + 5. What is q(2)?
-5
Let n(z) = z**3 + 10*z**2 - 40*z - 5. What is n(3)?
-8
Let a(m) = -m**3 - 9*m**2 + 18*m - 48. Calculate a(-11).
-4
Let z(g) = -g**3 - 10*g**2 + 28*g + 25. What is z(-12)?
-23
Let z(v) = 3*v**2 + 4*v + 12. What is z(0)?
12
Let x(h) = 2*h**2 + 16*h + 3. Give x(-8).
3
Let v(l) = 12*l**2 - l + 2. What is v(2)?
48
Let m(s) = 27*s - 45. Calculate m(2).
9
Let t(v) = -v + 6. Calculate t(4).
2
Let h(q) = -q**3 + 3*q**2 + 4*q + 2. What is h(4)?
2
Let o(l) = l**2 + 7*l - 7. Give o(-4).
-19
Let s(q) = -53*q + 205. Determine s(4).
-7
Let t(x) = -18*x - 25. What is t(-1)?
-7
Let i(m) = 2*m + 28. What is i(-11)?
6
Let v(p) = p**3 - 6*p**2 - 25*p + 82. Determine v(8).
10
Let f(o) = -7*o**2 + 2*o + 3. What is f(-1)?
-6
Let p(i) = i**3 + 27*i**2 - 24*i + 102. Calculate p(-28).
-10
Let w(o) = -o**3 - 8*o**2 - 3*o - 4. Give w(-8).
20
Let w(d) = -d**3 - 14*d**2 - 34*d - 6. Determine w(-11).
5
Let k(w) = -2*w**3 + 4*w**2 + 2*w - 4. Give k(3).
-16
Let l(d) = -d**2 + 17*d - 52. Determine l(4).
0
Let o(m) = -m**3 + 9*m**2 - m + 6. Give o(9).
-3
Let o(h) = -7*h - 15. Determine o(5).
-50
Let u(l) = l**3 - 7*l**2 - l - 12. Give u(7).
-19
Let n(i) = i + 9. Calculate n(-8).
1
Let p(a) = 13*a - 11. Determine p(5).
54
Let d(h) = 2*h + 9. Determine d(4).
17
Let f(t) = 2*t - 4. What is f(-2)?
-8
Let p(o) = -o**2 - 3*o + 75. Calculate p(7).
5
Let b(y) = y**2 - 2*y - 16. Determine b(5).
-1
Let j(w) = 6*w - 2. Determine j(1).
4
Let n(c) = c**3 - c**2 - 5*c + 3. Calculate n(3).
6
Let i(s) = -s**2 - 10*s + 58. What is i(4)?
2
Let a(f) = -2*f**3 - 12*f**2 + 142*f + 11. What is a(6)?
-1
Let t(d) = -d**3 - d**2 + 16*d - 3. Give t(-4).
-19
Let p(u) = -13*u - 2. Determine p(1).
-15
Let o(i) = i**2 - 4*i - 30. Calculate o(8).
2
Let x(y) = -2*y**2 - 17*y + 2. Give x(-8).
10
Let v(u) = -u**2 - 6*u - 7. Calculate v(-1).
-2
Let o(b) = -b - 1. Calculate o(-3).
2
Let j(x) = x**2 - 8*x + 3. What is j(7)?
-4
Let n(l) = l**2 + 2*l - 6. Calculate n(2).
2
Let k(b) = -b**3 + 6*b**2 - 7*b + 5. Calculate k(4).
9
Let i(h) = -20*h + 285. Give i(14).
5
Let j(h) = h**3 - 7*h**2 + 7*h + 6. Give j(5).
-9
Let t(h) = 14*h**3 + h**2. Give t(-1).
-13
Let z(f) = -f**3 + 6*f**2 - 7*f + 4. What is z(3)?
10
Let i(m) = 189*m + 1501. Give i(-8).
-11
Let x(s) = -s*